*t - 101 = -615. Let m = q + 200. What are the prime factors of m?
2, 7
Suppose 3*q = -2*q + 25. Suppose -5*p + 155 = q*n, -6*p + p + 2*n + 183 = 0. What are the prime factors of p?
5, 7
Let i = -222 - -355. List the prime factors of i.
7, 19
Suppose -13*m = -5678 + 1388. List the prime factors of m.
2, 3, 5, 11
Suppose -4*x = -x. Let z be (-2)/4*x - -63. What are the prime factors of (z/(-1) - -4)*-1?
59
Let h be (-4 - ((-147)/4)/7)*24. Let v(g) = -g - 5. Let i be v(-5). Let o = h - i. What are the prime factors of o?
2, 3, 5
Suppose 0 = 2*u + 13 - 23. Suppose -u*l + 179 = -2*k, 4*l + 7*k - 163 = 2*k. List the prime factors of l.
37
Suppose 42 = -27*m + 26*m. What are the prime factors of (-1934)/(-11) - (-4 - m/11)?
2, 11
Let u = 4 - -35. Suppose 0 = -3*d + 2*d + 981. What are the prime factors of d/u - (-4)/(-26)?
5
Let y(v) = -3*v**3 - 11*v**2 - 4*v - 14. Let o be y(-8). Suppose -35*p + o = -30*p. What are the prime factors of p?
2, 5, 17
Let u(t) = 4*t**3 - 6*t**2 - 6. Let k be u(3). Suppose -4*x + k = -80. List the prime factors of x.
2
Suppose 3*l + 5*t + 33 = 2*t, 5*t - 9 = 3*l. Let m be l/6*-3 - -132. Suppose 5*d - 9*d = -m. What are the prime factors of d?
2, 17
Let p = 807 - 242. List the prime factors of p.
5, 113
Suppose 129*u = 114*u + 7140. What are the prime factors of u?
2, 7, 17
Suppose u - 3*z + 5*z = 0, 4*u = -z - 7. Let y = u + 6. What are the prime factors of y/(-7) + (-2292)/(-42)?
2, 3
Let d = -193 - -332. Suppose 4*s = 20, d = 5*i - s - 26. Let p = i + -9. List the prime factors of p.
5
Let q(x) = 38*x**2 + 6*x + 11. Let z be q(-5). Suppose -3*n + z = 4*n. What are the prime factors of n?
7, 19
Suppose -45 = -9*m - 0. Suppose -m*x + 3*p + 250 = 0, -4*x - 6*p = -4*p - 200. What are the prime factors of x?
2, 5
Let g(r) = 2*r**2 - 9*r + 17. Suppose -12*k = -7*k - 35. List the prime factors of g(k).
2, 13
Let k be (186/4)/((152/(-16))/(-19)). Suppose 573 = 3*a - k. What are the prime factors of a?
2, 3, 37
Let n(k) = -2*k**3 + 5*k**2 - 4*k + 110. List the prime factors of n(-7).
1069
Suppose 4 = -6*l + 2*l. Let f be 22*l*20/(-40). Let n = f - -4. List the prime factors of n.
3, 5
Suppose 5*j - 2221 - 329 = 0. List the prime factors of j.
2, 3, 5, 17
Let q = 22 + -19. Suppose 3*d = q, 2*d + 1 = -3*f + 6. What are the prime factors of f/(168/(-172) + 1)?
43
Suppose 215*q = 225*q - 10430. What are the prime factors of q?
7, 149
Let s(t) = t**3 - 27*t**2 - 27*t + 10. Let y be s(28). Suppose 62 + y = g. What are the prime factors of g?
2, 5
Let t(p) = -3*p - 7. Let c(b) = -1. Let l(o) = -6*c(o) + t(o). What are the prime factors of l(-8)?
23
List the prime factors of ((-68)/(-10))/((-1)/(-3 + -2)).
2, 17
Suppose 4*r - 12 = -0*r. What are the prime factors of -1262*5/(-40) - r/(-12)?
2, 79
Suppose 9*r = 531 + 360. What are the prime factors of r?
3, 11
Let y = 2990 - 1439. What are the prime factors of y?
3, 11, 47
Let m = 2182 - 1284. List the prime factors of m.
2, 449
Suppose -37*x + 18*x + 28158 = 0. List the prime factors of x.
2, 3, 13, 19
Let h(j) = -7*j**3 - 3*j**2 + j - 8. Let w(u) = -3*u**3 - u**2 - 4. Let l = 0 + 2. Let n(d) = l*h(d) - 5*w(d). List the prime factors of n(3).
2, 7
Let x(f) = -35*f + 67. List the prime factors of x(-4).
3, 23
Let g = 7206 + -1087. What are the prime factors of g?
29, 211
Let p = 9 - 6. Suppose 0 = -p*c + 45 + 63. Suppose s + c = 2*s. List the prime factors of s.
2, 3
Suppose -5*d - x + 13 - 3 = 0, -16 = 3*d + 5*x. Suppose 392 = 4*m + d*m. What are the prime factors of m?
2, 7
Let v = -52 - -55. Suppose -v*f - 2*f = -295. List the prime factors of f.
59
Let m(z) = 5*z - 2. Let o be m(2). Suppose -4*d + o = -2*f, -3*d + 46 - 18 = 4*f. What are the prime factors of ((-224)/42)/(f/(-18))?
2, 3
Let a = 37 + -3. Suppose -m = 3*q - 28, -3*q - a = -4*m + 3*m. List the prime factors of m.
31
Let w be (-1 - -1)/(-21 + 7 - -13). Let o(s) = 0*s**2 - 2*s**2 - s**3 - s + s**2 + 15. What are the prime factors of o(w)?
3, 5
Let i(m) = 2*m + 30. Let x be i(-14). Let q = x - -133. List the prime factors of q.
3, 5
Let c(l) = -3*l + 16. Let w be c(5). Let d be 0*(-3)/(-12)*w. Suppose -4 = 2*v, d*v + 98 = 2*k + v. List the prime factors of k.
2, 5
Suppose 2*h = -6*r + 4*r - 188, 90 = -r - 2*h. Let q = r + 256. What are the prime factors of q?
2, 79
Suppose 4*y + 3 = 2*z - 1, -5*z + 19 = -y. Suppose -2*t = r - 140, 0 = 3*r - z*t - 37 - 353. What are the prime factors of r?
2, 67
Suppose 6*i = 2*i + 84. Let y = i - 54. Let l = y + 48. List the prime factors of l.
3, 5
Let o(s) = 344*s**2 - 4*s + 2. List the prime factors of o(-2).
2, 3, 7, 11
Suppose -4*r + 3*v = -293, v = 4*r - 0*v - 303. Let g = 111 - r. List the prime factors of g.
2, 17
Let a(j) = -4*j**2 + 8*j - 4. Let n be a(-6). Let l = n + 301. Suppose -2*q - q = -l. What are the prime factors of q?
5, 7
Suppose 338 = 9*s - 256. What are the prime factors of (4/12)/(2/s)?
11
Suppose -17 - 16 = -3*s. Suppose -c = -3*d - 15, -s = -c + 2*d - 0*d. Suppose c*o = 5*t + 1 - 28, -4*t = 5*o - 29. What are the prime factors of t?
2, 3
Let r(k) = -k**3 + 4*k**2 + 3*k - 4. Let t be r(4). Let f = 1 - 0. Suppose t = w - f. What are the prime factors of w?
3
List the prime factors of (1 - 5) + 590 + 5.
3, 197
What are the prime factors of 355 + -12 + -4 + 7?
2, 173
Let d(k) = k**3 - 3*k**2 + 7*k - 5. Let j be d(2). Suppose -j*s + 533 + 342 = 0. List the prime factors of s.
5, 7
Suppose 376*u - 384*u + 23712 = 0. What are the prime factors of u?
2, 3, 13, 19
Let r = -4 + 6. Suppose 1 = r*s - 3*s - 3*v, 5*v = -5*s + 15. Suppose 0 = s*l - i - 245, 2*l - 40 = l + 2*i. What are the prime factors of l?
2, 5
Suppose -i = 2*i + 642. Suppose -2*l = d + 24, -d - 16 = -2*l - 0. List the prime factors of i/(-8) + (-5)/d.
3
Let h(m) = -m**3 - m**2 + 12*m + 3. List the prime factors of h(-6).
3, 37
Suppose 0 = 7*t - 2*t - 10. List the prime factors of (2 + -3)*(-120)/t.
2, 3, 5
What are the prime factors of 10/25 - (-38)/10*57?
7, 31
Let x(v) = v**2 + 36*v + 47. What are the prime factors of x(15)?
2, 7, 29
Suppose 0 = 3*s - 4*r - 617, 3*s - 2*r = 518 + 101. What are the prime factors of s?
3, 23
Suppose 2 - 53 = -o. Let f = o - 26. List the prime factors of f.
5
List the prime factors of 6/10 - 3111/(-15).
2, 13
What are the prime factors of -14*(-16)/84*(-66)/(-4)?
2, 11
Let b = -1018 + 2511. What are the prime factors of b?
1493
Suppose -1008 = -27*d + 21*d. Suppose 3*h - d = 525. What are the prime factors of h?
3, 7, 11
What are the prime factors of (-24)/(-40) + 20604/10?
3, 229
Let d = 27 + -33. Let z(n) = n**3 + 7*n**2 + 4*n + 4. What are the prime factors of z(d)?
2
Let p(t) = -t**3 + 13*t**2 + 17*t - 21. Suppose 550 = 2*m + 3*m. Let f be 1/4 - m/(-8). List the prime factors of p(f).
3, 7
Let x(w) = 299*w**2 + 3*w + 4. Let a(k) = 3*k**2 + 5*k + 1. Let c be a(-2). Let g be x(c). List the prime factors of 4/(-14) - g/(-56).
2, 3
Suppose 71*a - 2496 = 58*a. What are the prime factors of a?
2, 3
Let c be (144/(-56))/(6/28). Let b be ((-15)/6)/(6/c). Suppose 4*h = h - b*v + 109, h - 3*v = 55. What are the prime factors of h?
43
Let o(w) = 2*w - 7. Let s be o(5). Suppose 4*f - 3*g = -125, s*f - 3*g = f - 61. List the prime factors of (-1 - (f + -3)) + 0.
2, 17
Suppose -7*h + 3559 = -15593. List the prime factors of h.
2, 3, 19
Suppose 0 = 2*a + 5*f - 42, 4*a + 2*f + 16 - 84 = 0. What are the prime factors of ((-140)/a)/7*-4?
5
Suppose 4 = -39*l + 38*l. What are the prime factors of (5/(-1))/(l/8)?
2, 5
Let b(h) be the third derivative of -h**5/60 + 17*h**4/24 - 8*h**3/3 - 19*h**2. List the prime factors of b(11).
2, 5
Suppose -s = -6*s + 15. Suppose -3*n + 32 - 20 = 0. What are the prime factors of n - (0 + s - 2)?
3
Let y(i) = 0*i + 2*i - 8*i + 13. Let h be y(-9). Suppose 2*o + s - 3*s = 30, -5*o + s = -h. What are the prime factors of o?
13
List the prime factors of ((-3790)/7)/(21/(-147)).
2, 5, 379
Let v = 2 + 0. Let x be 2/v - (-3 - 0). What are the prime factors of 4/(x/3) + 13?
2
Suppose 285 = -12*h + 1905. List the prime factors of h.
3, 5
Let o(l) be the second derivative of l**4/3 + 23*l**3/6 - 11*l**2/2 - 36*l. What are the prime factors of o(-10)?
3, 53
Suppose 4*p - p + 800 = 4*c, -5*c + 993 = -2*p. Let m = c - 109. List the prime factors of m.
2, 11
Let l(